b) = -13*b**2 - 5*b + 6*b + 19*b**2. Calculate i(-1).
5
Let j(a) be the third derivative of -a**4/12 - 4*a**2. Let b(u) = 3*u. Let h(o) = -3*b(o) - 5*j(o). Determine h(4).
4
Let k(g) = 2*g + 2*g**2 - g**2 - 6*g. Give k(4).
0
Let m(x) = -2 - 15*x + 5*x + 4*x**3 + 11*x - 6*x**2 - 4 - 3*x**3. Suppose p - 8 + 2 = 0. What is m(p)?
0
Let t(w) be the third derivative of -w**6/120 + w**5/5 - w**4/2 + 5*w**3/3 - 22*w**2. What is t(11)?
-1
Let f be 4*(-1)/(-3 - -1). Let g(k) = -k**2 + 1 - f - 6*k + 0. Suppose 0*o - 2*o - 8 = 0. Determine g(o).
7
Let v(h) = 2*h + 1. Let w be v(1). Let o(j) = -2*j**2 + j**w + 4*j - 2*j**2 - 3 + 2. Give o(3).
2
Let u(n) be the third derivative of 0*n + 0*n**4 - n**2 + 1/60*n**5 - 1/120*n**6 + 0 + n**3. Suppose 0*b = 3*b. Give u(b).
6
Let n(z) = -6*z - z**2 + 2 + 2 - 2*z**2 + z**3. Let u be n(4). Let s(b) = -b + 5. What is s(u)?
9
Suppose 0 = k + 2*k - 15, -5*k = 2*n - 23. Let d(p) = 5*p**3 - p**2 - 2*p - 3. Let i(f) = 10*f**3 - f**2 - 3*f - 5. Let v(t) = 5*d(t) - 3*i(t). Determine v(n).
4
Suppose 3*p = 4*p - 5. Let t(l) = l**3 + l + 0*l - p - 4. Let w = -469 + 469. Give t(w).
-9
Let s(j) = -9*j + 1. Let x(d) = -26*d + 2. Let z(f) = 8*s(f) - 3*x(f). Suppose 11 - 55 = -5*v - 4*h, 2*h = -2*v + 18. Let n = 6 - v. Give z(n).
-10
Suppose 3*x = -j - 7, -4*x - 2*j + 3 = 15. Let c(k) = -5*k**2 + 1. Calculate c(x).
-4
Let b(t) = 5*t**3 - 4*t**2 + 14*t - 1. Let o(y) = y**3 + y - 1. Let k(r) = -b(r) + 6*o(r). Suppose 5*u - 9*u = 20. Calculate k(u).
10
Let o(y) = -3*y**2 + 3*y + 1. Let d be 10*(0 + 1 - 0). Let g be (-4)/d - (-8)/(-5). What is o(g)?
-17
Let m(a) be the first derivative of -2*a**3/3 + a**2 - a - 3. Give m(1).
-1
Let n(r) = r**3 - 2*r**2 - 4*r - 1. Suppose -4*a = w - 11, 5*a = -2*w + 6*w - 2. What is n(w)?
-4
Let g(w) be the second derivative of -w**5/20 - 2*w**4/3 - 5*w**3/6 + 3*w**2/2 + 16*w. What is g(-7)?
-11
Let f(s) = -6*s + 1. Let n be f(1). Let k = 0 + n. Let t(v) = v**2 + 5*v + 3. Let j(m) = -3*m**2 - 15*m - 10. Let o(w) = -2*j(w) - 7*t(w). Give o(k).
-1
Let x(m) = 19*m**3 - 3*m**2 + 3*m + 3. Let g(u) = 39*u**3 - 7*u**2 + 7*u + 7. Let w(n) = -4*g(n) + 9*x(n). Calculate w(-1).
-14
Let i = 5 + -2. Let k(w) = w**2 - 2*w - 4. Let z be k(i). Let t(c) = -5*c**3 + c**2 + c. Determine t(z).
5
Let o = 8 + -4. Let c(l) be the second derivative of 2*l**2 - 1/6*l**3 + 4*l + 0 - 1/12*l**o. What is c(0)?
4
Let v = 9 - 5. Let o(k) = 1. Let l(n) = -n**3 + 4*n**2 + 3*n - 10. Let i(p) = -l(p) - 6*o(p). Give i(v).
-8
Suppose 23 = 5*h - g, 2*g = -4*h + 2 + 8. Let r = h + -2. Let n(x) = -5*x**3 - x**3 - 1 + 0*x**2 + r*x**2. Determine n(1).
-5
Let o(a) be the second derivative of a**5/60 + a**4/4 + a**3/6 + 3*a**2 - 7*a. Let g(h) be the first derivative of o(h). What is g(-6)?
1
Let y = -5 + 6. Let l(i) be the first derivative of 4*i**2 + i - 4. Calculate l(y).
9
Let v(w) = -w**3 + 4*w**2 - 5*w + 6. Let h be v(3). Let a(q) = -q + 2. What is a(h)?
2
Let p(s) = -s - 3. Suppose 5*k + 2*a = -0 + 10, 26 = 4*k - 2*a. Let c = k + -4. Give p(c).
-3
Let j = -47 - -43. Let r(x) = -x - 1. What is r(j)?
3
Let q(y) be the second derivative of 2*y**2 - 3*y + 0 - 1/6*y**3. What is q(4)?
0
Let s(c) be the third derivative of -c**5/120 - c**4/24 + c**3/6 + 4*c**2. Let k(z) be the first derivative of s(z). Give k(-6).
5
Let v(m) be the third derivative of -m**5/60 + m**2. Let q(x) = 3*x**2 - 6*x + 2. Let w(y) = -q(y) - 2*v(y). Give w(6).
-2
Let g(h) = -h**3 + 5*h**2 - 4*h. Let a(m) = m**2 - 2*m - 5. Let w be a(4). Let y be 6/(w + -5) + 6. Calculate g(y).
6
Let y(i) = 0 + 3*i**2 + 0 + 3*i**2. Let o be y(1). Let m(l) = -l - 3. What is m(o)?
-9
Let a(x) = -x**3 + 3*x**2 - x - 4. Let t(h) = -h**3 - 7*h**2 - 6*h + 3. Let c be t(-6). Calculate a(c).
-7
Suppose 4*t + 0*t + 16 = 0. Let a be (t/6)/((-8)/60). Suppose 0 = -a*y + 2*y - 15. Let o(x) = -x**2 - 8*x - 7. What is o(y)?
8
Let v = -5 - -5. Suppose v = -t + 3*t. Suppose -5 = -5*i - t. Let c(k) = 3*k - 1. Determine c(i).
2
Let h(d) = -6*d**3 + 3*d + 3. Let c(k) = -5*k**3 + 2*k + 3. Let a(r) = -4*c(r) + 3*h(r). Let t(u) be the first derivative of a(u). Give t(-1).
7
Let q(w) = 5 - w**3 - 5*w**2 + 4*w - 5*w**3 + 7*w**3. Let t(a) = -a + 8. Let u be t(4). Give q(u).
5
Let s(d) = -d**3 - 5*d**2 - 3*d - 3. Suppose 5*q + 22 = -0*o + o, -3*o = -6. What is s(q)?
-7
Let w(q) = q**3 - 3*q**2 + q + 1. Let p(j) = -j**2 + 10*j + 13. Let r be p(11). Calculate w(r).
-1
Let p(h) = -h - 1. Suppose -3*v - 5 = 4, -4*k + 5*v = -3. Let r be p(k). Let c(o) = 4*o - 3 - 5*o**2 + 2*o**r + 0*o**2 - o**3. Give c(-4).
-3
Suppose 0*u - u - 9 = 0. Let k(c) = -3*c - 15. Let m(o) = 7*o + 31. Let p(y) = u*k(y) - 4*m(y). Give p(8).
3
Let c(b) = -b**2 - 8*b - 10. Let q be c(-6). Let k(f) = -f**2 - f. Let l(a) = -3*a + 2. Let u(t) = -k(t) + l(t). What is u(q)?
2
Let z(q) = -3 - 34*q - 1 + 35*q. Calculate z(5).
1
Let d = -193 + 191. Let q(b) = b**3 + 2*b**2 - 3*b - 2. Calculate q(d).
4
Let q be 1/(-2)*1*-6. Let s(o) = -q*o + 1 - 6 + 2*o. Calculate s(-3).
-2
Let q(g) be the third derivative of 1/12*g**5 + 3*g**2 + 2/3*g**3 + 1/120*g**6 + 1/24*g**4 + 0 + 0*g. Calculate q(-5).
-1
Let s(l) = -l - 5. Let k be s(-7). Let d(r) = -k*r + 2 + 8*r - 2*r - 3*r. Give d(-7).
-5
Let x(a) = a**3 - 4*a**2 + 2*a. Let h(z) = -z**2 - 6*z + 8. Let u be h(-7). Let v = 2 - u. Let k be (-6)/2*(-1)/v. Give x(k).
-3
Suppose -2*d - 2 = 6. Let x(u) be the third derivative of 0*u + u**2 + 0 + 1/2*u**3 + 1/12*u**5 + 1/6*u**4 + 1/120*u**6. Calculate x(d).
3
Let k(g) = g. Suppose 4*j - 4*u = 4, -3*j + 5 = 3*u - 4. Let l(f) = 5 - 3*f**j + f**3 - 3*f**2 + 2*f - 3. Let x(h) = 2*k(h) + l(h). Calculate x(5).
-3
Let z be (4/(-6))/((-2)/(-18)). Let g(o) be the third derivative of -4/3*o**3 - 4*o**2 + 0*o + 0 - 1/24*o**4. What is g(z)?
-2
Let q(p) = p. Let s(r) = 24*r + 9. Let d(n) = 15*q(n) - s(n). Let y(a) = 13*a + 13. Let g(c) = -7*d(c) - 5*y(c). What is g(-4)?
6
Let f(b) = -b + 3. Suppose 2*l + l - 15 = 0. Let r = l + -5. Determine f(r).
3
Let a(i) = 25 - 25 - 20*i**3 + i - i**2. Calculate a(1).
-20
Let m(g) = 10*g + 43 - 28*g**3 - 8*g - 42. Determine m(-1).
27
Let v = 19 + -11. Let g(y) = y - 8. What is g(v)?
0
Let d(m) be the second derivative of -1/6*m**3 + 4*m - 1/2*m**2 + 0. Give d(-4).
3
Let a(i) be the second derivative of 0 + 1/2*i**3 + i**2 - 1/12*i**4 - 4*i. Give a(3).
2
Let c = 98 - 93. Let u(s) = s**3 - 8*s**2 - 5 + 3*s**2 + 10. Determine u(c).
5
Suppose -3*b - 3*x + 9 = -4*b, 5*b - 3*x - 3 = 0. Let z(u) = -u**3 + 5*u**2 - 3*u. Determine z(b).
9
Let z = 0 + 5. Suppose -z*y + 3*y = 2. Let x be (-3 - -5) + 5/y. Let p(d) = d**3 + 4*d**2 + d. What is p(x)?
6
Suppose -5*y + 6 = -w - 4, -2*w = 5*y - 25. Let h(f) = 3 - 2 - 2*f + 3*f + w*f. Determine h(-1).
-5
Let p(c) = 5 + 5*c**2 - 3*c**2 - c**2 + c - 2*c. What is p(4)?
17
Suppose 2*s = 3*l - 48, 3*l + s - 64 = -l. Suppose -3*g = g - l. Let n(w) = 5*w - 9*w + 1 + 6*w. Give n(g).
9
Let t(q) = -7*q + 12*q - 1 - 2 - 4*q. Calculate t(4).
1
Let o(f) = -f**2 - 5*f - 2. Let l(c) = -c - 7. Let b be l(-3). Give o(b).
2
Let u(g) = g**2 - 7*g. Suppose -b + 16 = 3*b. Determine u(b).
-12
Let p = -16 + 16. Let v(q) = q**2 + q. Calculate v(p).
0
Let i be 4/3*12/8. Let n(t) = -2 - t - t**i + 1 + 6*t**2. Calculate n(-1).
5
Let a(z) = 14 + 7*z - 1 + z**3 - z. Let u be (0 + 2)*1/2. Let o(n) = -n - 1. Let g(p) = u*a(p) + 6*o(p). Calculate g(0).
7
Let b(c) = 3*c - 22*c**3 - 8 + 21*c**3 + 5 - 2*c**2. Let r be 1*1/(2/(-6)). Calculate b(r).
-3
Suppose -2 = 2*u - 8. Suppose 0 = -v + u*v - 2. Let a(o) = -o**2 + 3*o + 9. Let g(j) = -j - 4. Let p(b) = -3*a(b) - 7*g(b). Give p(v).
2
Let j = 4 - 8. Let w(k) = -5*k - 1 + 2*k - k + 0*k**2 - k**2. Calculate w(j).
-1
Let q(v) = -4 + 0 + 2 - v**2 - 8*v. Let h = -131 + 128. What is q(h)?
13
Let h(x) = -7*x**3 - 11*x**2 + 7*x + 1. Let a(f) = 4*f**3 + 6*f**2 - 4*f - 1. Let o(m) = -5*a(m) - 3*h(m). Determine o(-4).
-10
Let l(k) = 3*k + 6. Let r be l(-4). Let c(h) = 72 - 139 + 0*h + h + 80. What is c(r)?
7
Let c(n) = 22*n**2 - 11*n**2 - 3 - 10*n**2. What is c(0)?
-3
Let y = 1 + -2. Let w(n) = 27*n**3 + 3*n**2 + 4*n - 10. Let g(u) = 18*u**3 + 2*u**2 + 3*u - 7. Let b(z) = 7*g(z) - 5*w(z). What is b(y)?
8
Suppose j = -2*u - 11, -4*u = 2*j - j + 19. Let q(o) = 4*o. Let v(c) = c. Let m(t) = -q(t) + 3*v(t). Calcu